 Let s be (2 + -686)/(-6) + -5. Let r = s + -103. What is q(r)?
4
Let c be -1 - 0 - (-16)/16. Suppose c = -12*f - 55 + 7. Let d(i) = -4*i - 23. What is d(f)?
-7
Let p(n) = -n**3 + 4*n**2 + 15*n - 4. Let q(s) = s**3 + 42*s**2 + 54*s - 1034. Let o be q(-40). What is p(o)?
14
Suppose -396 = -164*n + 142*n. Let t(b) = -b**2 + 21*b - 29. Calculate t(n).
25
Let g(i) = -344*i + 71. Let n(b) = 236*b - 71. Let p(w) = -2*g(w) - 3*n(w). Calculate p(4).
-9
Suppose 43 = 5*p - 172. Let t = -39 + p. Let b(z) = t*z - z - 2*z - 2*z + 6. Calculate b(7).
-1
Suppose 20 = 33*l - 79. Let z(q) = -l*q**2 - 8*q**2 + 13*q**3 - 5*q**3 - 7*q**3. Determine z(11).
0
Let s(a) = -a**2 + 3*a - 4. Let p = -409 + -9. Let z = 421 + p. What is s(z)?
-4
Let l(w) = w - 5. Let p be l(8). Let m(b) = -4*b**2 + 3 - 2*b**3 - p*b + 5*b**2 + 0*b**2. Suppose 2 = -85*i + 86*i. Determine m(i).
-15
Let p(m) = -2*m - 1. Suppose 11*y = 7*y + 12. Suppose y*v + 4*r + 0 = -21, 0 = -3*v - 5*r - 24. Let g(b) = 2*b. Let t(l) = v*g(l) - 2*p(l). Calculate t(-2).
6
Let b(r) be the second derivative of r**5/20 - r**4/3 + r**3/3 + 5*r**2/2 + 5*r - 113. What is b(5)?
40
Let f be 4*(-4 - 38/(-8)). Let h(o) = -1 + o + 37*o**f - 77*o**3 + 44*o**3. Suppose u - k + 2 = 0, -u + 8 = 5*k - 8. Determine h(u).
4
Let d(q) = -11*q**2 - 6*q - 5. Let c(h) = 17*h**2 - 11*h + 7. Let w(z) = 7*z**2 - 5*z + 3. Let y(k) = -4*c(k) + 9*w(k). Let b(r) = -d(r) + 2*y(r). Give b(5).
48
Let d(r) be the third derivative of r**5/120 + 5*r**4/8 - r**3/6 - 22*r**2. Let q(m) be the first derivative of d(m). Calculate q(-9).
6
Let n(f) = -17 - 116*f - 121*f + 369*f - 99*f. Determine n(4).
115
Let q(z) = -109*z - 136. Let h(y) = -106*y - 135. Let w(u) = -18*h(u) + 17*q(u). Give w(-2).
8
Let b(v) be the first derivative of 2*v**2 + 27*v + 1562. What is b(-4)?
11
Let s(g) = -g**3 - 18*g**2 + 18*g - 22. Let x be s(-19). Let p be x + (3 - 3 - -4). Let j(h) = -3*h - h + 6*h + h. Calculate j(p).
3
Let p(i) = 198*i + 45. Let c(z) = -750*z - 183. Let t(h) = 4*c(h) + 15*p(h). Determine t(-2).
3
Let q(u) = -2*u**3 + 2*u + 1. Let n = 392 + -378. Suppose 4*r = 10 - n, -3*r - 11 = -4*j. Calculate q(j).
-11
Let x(t) = 123 - 45 + 63*t - 41 - 39. Give x(1).
61
Let y be (-5 + 12)*1 + -3 + -12. Let i be 3 + ((-32)/(-4))/(-4). Let p(m) = 5 - 10 - i - m. Give p(y).
2
Let f(o) = 12*o + 0*o - 7729 + 7733 - 27*o + 2*o**2. Give f(7).
-3
Let t(v) = -v**2 - 12*v - 6. Suppose -646 + 63 = 75*c - 22*c. What is t(c)?
5
Let r(v) = -39 - 2*v - 41 + 83. Let k be 146/5 - 8/(-10). Let n be 4/(-10) - (-72)/k. Give r(n).
-1
Let x(v) be the first derivative of -v**4/12 - 2*v**3/3 - 9*v**2/2 + 200*v + 117. Let y(a) be the first derivative of x(a). Give y(-6).
-21
Suppose -k - k = 0, -15 = 5*o - 3*k. Let y(j) be the first derivative of -2*j + 1/2*j**2 - 39. Calculate y(o).
-5
Suppose 3*f - 2*s = 4, 4*f - 79 = -4*s - 47. Let m(d) = -3*d + 26. Calculate m(f).
14
Let f(j) = j**3 - 6*j**2 - 8*j + 3. Let x(p) be the first derivative of -23*p**2/2 - 108*p - 2. Let h be x(-5). Determine f(h).
-4
Let v(o) = 26*o. Suppose 52 + 14 = 11*m. Let j be (-4)/5 + m/(-30). Calculate v(j).
-26
Let v(f) = -3*f + 2. Let a = -48 - -52. Suppose -56 = -a*y - 4*u, -3*y + 0*y - u = -36. Let d(n) = 3*n - 35. Let o be d(y). Calculate v(o).
8
Let g(f) = -3*f + 73*f**2 + 1 + 70*f**2 + 47*f**2 - 191*f**2. Let o be 3*(1/1 - 2). Let s = -1 + o. Determine g(s).
-3
Let o = 339 - 340. Let s(p) = 6*p - 3. What is s(o)?
-9
Let u be ((-6)/(-9))/((-2)/(-12)). Let h(v) = -845*v - 19. Let j(x) = 215*x + 5. Let r(f) = -14*h(f) - 55*j(f). Give r(u).
11
Suppose 33 = 61*p - 41*p - 31*p. Let x(a) = -24*a - 19. What is x(p)?
53
Let g(r) = -r**2 + 2*r - 5 - r + 4*r. Let f(b) = 4*b**2 - 4*b - 3. Suppose 5*c - 7 = -3*d, -3*c = 5*d - 6*c + 11. Let j be f(d). Determine g(j).
-5
Let f = 8 - 6. Let u(b) = 8*b**3 - 15*b**2 - 4*b + 13. Let a(y) = -3*y**3 + 5*y**2 + 2*y - 5. Let o(s) = -5*a(s) - 2*u(s). Calculate o(f).
7
Let h(i) be the third derivative of -1/8*i**4 + 1/120*i**6 + 45*i**2 + 0*i + 1/3*i**3 + 0*i**5 + 0. What is h(2)?
4
Let x be -2*((-8)/40)/((-48)/(-30) - 2). Let j(r) = -133*r**2 + r + 1. Determine j(x).
-133
Let m(a) = 90*a**2 + 10*a**2 + 13 - 99*a**2 - 21*a. Give m(14).
-85
Let n = 32 - 36. Let l be (-10)/(-5) - (-2)/n*0. Let c(g) = 7 - 7*g + 3*g + g**3 + 8*g**l - 2*g**3 + 3*g. What is c(8)?
-1
Let r(p) = -4*p + 4. Suppose 2*b + 3*b = 4*q - 567, -146 = -q - 3*b. Let f = q + -146. Calculate r(f).
16
Let p(w) = -w**3 - 5*w**2 - 2*w - 7. Suppose n = -4*n. Suppose 3*l = -2*h - n*h, -l = 5*h - 13. Let q be ((-10)/h)/((-20)/(-30)). Determine p(q).
3
Let w(h) be the third derivative of -11*h**4/24 - 40*h**3/3 - 5*h**2 - 70. Calculate w(-8).
8
Let u(t) = t**3 + 7*t**2 + 9*t + 7. Let m(x) = -x**3 - 3*x**2 - 12*x + 37. Let w be m(2). Calculate u(w).
-56
Let c(v) be the third derivative of v**5/60 - 23*v**4/24 + 2*v**3/3 + 2*v**2 - 71*v - 9. Calculate c(23).
4
Let o(m) = -m**3 + 14*m**2 - 19*m + 73. Suppose -2*q + 546 = 31*q + 9*q. Give o(q).
-5
Let h be 1 - 2 - (0 + -2). Let a = -1 + h. Let m(y) = -694*y**2 - 6*y + 7. Let u(o) = -595*o**2 - 5*o + 8. Let j(p) = 6*m(p) - 7*u(p). What is j(a)?
-14
Let c(w) be the second derivative of w**4/12 + 11*w**3/6 + 11*w**2/2 - 314*w + 6. What is c(-8)?
-13
Let o be 455 + 1 - (-6)/(-18 - -12). Let s = -449 + o. Let n(a) = -a**3 + 8*a**2 - 10*a + 6. Calculate n(s).
18
Suppose -5*p = 5*o, 4 = 2*p + o + 1. Let r(n) = -n + 4 - 14 - p. Give r(-9).
-4
Let g be 86/(-6)*-3*(1 - -1). Let m = g + -80. Let k(l) be the first derivative of -l**2 - 3*l - 4. Calculate k(m).
-15
Let m(i) = -8*i**2 + 109*i - 60. Let u be m(13). Let t(z) = -z**2 + 8*z - 3. Give t(u).
12
Let f be (-1 + -2)/(15/2)*-5. Let b be ((-1)/f + 0)*-12. Let d be 0/(-3) - (b + 0). Let z(k) = k**2 + 6*k + 5. Calculate z(d).
5
Let i(k) = -k**3 + 4*k**2 + 4*k + 7. Suppose 13*x = 3*x + 20. Suppose -25 = -5*d + 2*n - 3*n, x*d + 2*n = 10. Determine i(d).
2
Let m(g) = g**3 + 7*g**2 - 113 + 117 + 443*g - 437*g. What is m(-5)?
24
Let q(v) = -v. Let t(m) = 18*m - 53. Let w be t(3). Let a(s) = -s**2 + 7*s - 4. Let z(f) = w*a(f) - 5*q(f). Calculate z(12).
-4
Let t = 1210 + -1205. Let q(n) = -n**3 + 6*n**2 - 6*n - 5. What is q(t)?
-10
Let u(k) = k**3 - 9*k**2 + 17*k**2 - 2 + 7*k - 3. Let g be u(-7). Let a(j) = 2*j - 958 - 946 + 1910. Give a(g).
-4
Let v(k) be the second derivative of -k**3/2 + 43*k**2 + 2*k + 485. Calculate v(26).
8
Let f be (6/(-4) + 1)*-16. Let m(z) be the second derivative of z**3/6 - 11*z**2/2 - 18*z. Let v(o) = -2*o + 22. Let y(w) = 5*m(w) + 3*v(w). Calculate y(f).
3
Let r(w) be the third derivative of 2/3*w**3 + 0*w + 0 + 131*w**2 - 1/120*w**6 + 1/30*w**5 + 1/24*w**4. What is r(3)?
-2
Let n = 9656 + -9653. Let k(j) = 7*j**2 + 3*j - 5. Calculate k(n).
67
Let y(i) = 9*i + 24. Let r(t) = 7*t + 17. Let n(a) = -4*r(a) + 3*y(a). Calculate n(-6).
10
Let o(x) = -3*x**2 - 25*x - 222. Let s(p) = -2*p - 1. Let c(a) = o(a) - 2*s(a). Let f(t) be the first derivative of c(t). Calculate f(-4).
3
Let y(v) = -8*v**2 + 200*v + 441. Let u(f) = 5*f**2 - 121*f - 265. Let k(q) = 13*u(q) + 8*y(q). Give k(-21).
-43
Suppose -259*n = -249*n + 100. Let a be (-1 + 7)*n/(-60). Let z(b) = 2*b + 2. Determine z(a).
4
Suppose 4*f = 33*f - 145. Let l(t) = 9*t - 1. Let w(c) = 7*c - 1. Let b(x) = f*w(x) - 4*l(x). Let v be -1 - (-14)/(-2) - 0. Determine b(v).
7
Suppose -24 - 7 = -2*i - 5*b, 5*i - 28 = 4*b. Let x(t) = i - 2*t + 10 + 2 + 5*t. Calculate x(-6).
2
Suppose 0 = -5*a - 3*x + 20, a + 50*x - 27 = 54*x. Let o(y) = y**3 - 6*y**2 - 21*y + 97. Determine o(a).
-1
Let b(d) = -d**3 - 5*d**2 + 21*d + 51. Let i be b(-7). Let f(q) = -q + 6. Let y be f(0). Let k(l) = -2*l**i - y - l**2 - 3*l + 4*l**2. Give k(6).
12
Let p = -15010 + 15003. Let h(v) = v**2 + 3*v - 21. Give h(p).
7
Let s be ((-1)/(-2))/(-17*(-23)/13294). Let o(h) = -h**3 + 15*h**2 + 33*h + 22. What is o(s)?
5
Let d(u) = u**3 - 6*u**2 - 2*u - 2. Suppose -7*j - 128 = -3*j - 2*t, 5*j = 4*t - 160. Let n = j - -27. Let r be 4 + (2/n - 72/(-30)). Calculate d(r).
-14
Let v = -21 - -21. Suppose 19*b - 20*b + 6 = v. Let p(j) = -5*j. Let t(u) = u**2. Let a(z) = -p(z) - t(z). Give a(b).
-6
Let l(i) = -3*i + 5. Let d(u) = -8*u + 14. Let g(r) = 4*d(r) - 11*l(r). Let b = 373 + -399. Let p = b - -20. What is g(p)?